he remainder when 2532 is divided by 2.
0
What is the remainder when 21411 is divided by 85?
76
What is the remainder when 124050 is divided by 41294?
168
Calculate the remainder when 15272 is divided by 1908.
8
What is the remainder when 69917 is divided by 258?
257
What is the remainder when 279023 is divided by 10334?
5
Calculate the remainder when 879 is divided by 414.
51
Calculate the remainder when 87568 is divided by 3368.
0
What is the remainder when 1438 is divided by 952?
486
What is the remainder when 13341567 is divided by 30?
27
Calculate the remainder when 4929 is divided by 8.
1
What is the remainder when 1841 is divided by 150?
41
Calculate the remainder when 102347 is divided by 701.
1
What is the remainder when 3932 is divided by 967?
64
Calculate the remainder when 2728 is divided by 753.
469
Calculate the remainder when 904578 is divided by 23.
11
Calculate the remainder when 345854 is divided by 991.
986
What is the remainder when 9583 is divided by 246?
235
Calculate the remainder when 72581 is divided by 3629.
1
Calculate the remainder when 1773 is divided by 576.
45
Calculate the remainder when 144107 is divided by 49.
47
What is the remainder when 5224 is divided by 2034?
1156
What is the remainder when 12958 is divided by 2584?
38
Calculate the remainder when 2712 is divided by 20.
12
What is the remainder when 466506 is divided by 130?
66
Calculate the remainder when 35933 is divided by 3992.
5
What is the remainder when 5748 is divided by 519?
39
Calculate the remainder when 1454383 is divided by 466.
463
What is the remainder when 24719 is divided by 20?
19
Calculate the remainder when 334190 is divided by 123.
122
Calculate the remainder when 31779 is divided by 1984.
35
Calculate the remainder when 89156 is divided by 47.
44
What is the remainder when 15674 is divided by 57?
56
What is the remainder when 489 is divided by 129?
102
What is the remainder when 47888 is divided by 11959?
52
What is the remainder when 40307 is divided by 695?
692
What is the remainder when 25051 is divided by 69?
4
What is the remainder when 11897 is divided by 129?
29
What is the remainder when 18248 is divided by 205?
3
Calculate the remainder when 31799 is divided by 82.
65
Calculate the remainder when 44120 is divided by 22050.
20
What is the remainder when 23139 is divided by 121?
28
Calculate the remainder when 17692 is divided by 25.
17
What is the remainder when 85427 is divided by 8?
3
What is the remainder when 13372 is divided by 125?
122
Calculate the remainder when 739097 is divided by 41.
31
What is the remainder when 64002 is divided by 3368?
10
What is the remainder when 1203 is divided by 624?
579
What is the remainder when 1496 is divided by 906?
590
Calculate the remainder when 8858341 is divided by 946.
943
What is the remainder when 18650 is divided by 18646?
4
What is the remainder when 1012 is divided by 947?
65
What is the remainder when 9155 is divided by 3024?
83
Calculate the remainder when 40312 is divided by 108.
28
Calculate the remainder when 3073 is divided by 157.
90
What is the remainder when 2953 is divided by 31?
8
What is the remainder when 1686 is divided by 836?
14
What is the remainder when 15324 is divided by 1909?
52
Calculate the remainder when 12209 is divided by 270.
59
What is the remainder when 9570 is divided by 4777?
16
Calculate the remainder when 1831 is divided by 367.
363
What is the remainder when 153 is divided by 71?
11
Calculate the remainder when 9607 is divided by 209.
202
What is the remainder when 11466087 is divided by 54?
51
Calculate the remainder when 158226 is divided by 137.
128
Calculate the remainder when 466568 is divided by 659.
655
What is the remainder when 1423159 is divided by 158128?
7
Calculate the remainder when 1123 is divided by 23.
19
Calculate the remainder when 1335539 is divided by 387.
2
What is the remainder when 3543 is divided by 187?
177
What is the remainder when 5524 is divided by 103?
65
What is the remainder when 5925 is divided by 3?
0
What is the remainder when 355453 is divided by 3451?
0
Calculate the remainder when 1036158 is divided by 80.
78
What is the remainder when 42179 is divided by 540?
59
What is the remainder when 15807 is divided by 38?
37
Calculate the remainder when 718451 is divided by 405.
386
What is the remainder when 7415 is divided by 2384?
263
Calculate the remainder when 241114 is divided by 120552.
10
Calculate the remainder when 3884 is divided by 38.
8
What is the remainder when 50311 is divided by 4?
3
What is the remainder when 3832 is divided by 20?
12
Calculate the remainder when 132056 is divided by 66.
56
Calculate the remainder when 2070 is divided by 352.
310
Calculate the remainder when 17072 is divided by 1706.
12
Calculate the remainder when 108628 is divided by 51.
49
What is the remainder when 7421 is divided by 12?
5
What is the remainder when 1594506 is divided by 147?
144
What is the remainder when 6130 is divided by 236?
230
Calculate the remainder when 4512 is divided by 750.
12
Calculate the remainder when 1283 is divided by 114.
29
Calculate the remainder when 5088 is divided by 268.
264
What is the remainder when 1769 is divided by 45?
14
What is the remainder when 238544 is divided by 77?
75
What is the remainder when 8115 is divided by 3745?
625
Calculate the remainder when 5420 is divided by 236.
228
Calculate the remainder when 10168 is divided by 121.
4
Calculate the remainder when 527 is divided by 372.
155
Calculate the remainder when 7049 is divided by 333.
56
Calculate the remainder when 1398 is divided by 19.
11
What is the remainder when 94039 is divided by 4?
3
What is the remainder when 4603 is divided by 55?
38
What is the remainder when 1100 is divided by 212?
40
What is the remainder when 237576 is divided by 2933?
3
Calculate the remainder when 19989 is divided by 19988.
1
Calculate the remainder when 93378 is divided by 143.
142
What is the remainder when 27733 is divided by 2?
1
What is the remainder when 228640 is divided by 76207?
19
What is the remainder when 9776 is divided by 2091?
1412
Calculate the remainder when 4139 is divided by 32.
11
Calculate the remainder when 28919 is divided by 9622.
53
What is the remainder when 14961 is divided by 4939?
144
What is the remainder when 18248 is divided by 15?
8
Calculate the remainder when 1903 is divided by 26.
5
Calculate the remainder when 42050 is divided by 2619.
146
Calculate the remainder when 1781 is divided by 442.
13
What is the remainder when 11955 is divided by 46?
41
Calculate the remainder when 17573 is divided by 202.
201
Calculate the remainder when 31961 is divided by 10566.
263
Calculate the remainder when 326660 is divided by 54439.
26
Calculate the remainder when 1707 is divided by 88.
35
Calculate the remainder when 40224 is divided by 40151.
73
What is the remainder when 7895 is divided by 305?
270
What is the remainder when 6850 is divided by 15?
10
Calculate the remainder when 40845 is divided by 40830.
15
What is the remainder when 90592 is divided by 123?
64
Calculate the remainder when 6227 is divided by 326.
33
What is the remainder when 21538 is divided by 5209?
702
What is the remainder when 25339 is divided by 189?
13
Calculate the remainder when 4125 is divided by 24.
21
What is the remainder when 3753 is divided by 250?
3
What is the remainder when 4465 is divided by 403?
32
Calculate the remainder when 5647684 is divided by 11.
9
Calculate the remainder when 52296 is divided by 117.
114
What is the remainder when 10014 is divided by 189?
186
Calculate the remainder when 9823 is divided by 1959.
28
Calculate the remainder when 121748 is divided by 80.
68
What is the remainder when 622897 is divided by 43?
42
Calculate the remainder when 21038 is divided by 305.
298
What is the remainder when 62317 is divided by 115?
102
What is the remainder when 123764 is divided by 191?
187
Calculate the remainder when 511 is divided by 157.
40
What is the remainder when 1414677 is divided by 4?
1
Calculate the remainder when 14654 is divided by 14643.
11
What is the remainder when 5166 is divided by 115?
106
Calculate the remainder when 13850 is divided by 5718.
2414
What is the remainder when 3806 is 